0. Suppose c + d*k = 26, -2*c + 2*k - 3*k + 24 = 0. What is the tens digit of c?
1
Let y be 6/(-24) - (-26)/8. Suppose -3*h + 22 = y*g - g, -2*g + h + 30 = 0. What is the units digit of g?
4
Suppose 2*h - h = -2, -h = r - 91. What is the units digit of r?
3
Let u(a) = 3*a**2 + 3*a. Let c = 2 + -5. What is the units digit of u(c)?
8
What is the tens digit of 237/5 + 9/15?
4
Suppose -l + 1 = -2*l. Let b be l/(-1 + 4/6). Suppose -66 = -g - 2*g + 5*n, -3*g + b*n + 60 = 0. What is the units digit of g?
7
Suppose 3*f - 8*f + 125 = 0. What is the units digit of f?
5
Suppose 2*v = 136 - 4. What is the units digit of v?
6
Let y(n) = 5*n + 32. What is the units digit of y(-5)?
7
Let d(t) = -t - 1. Let r = -19 + 12. What is the units digit of d(r)?
6
Let g = -57 - -93. What is the tens digit of g?
3
Let b = 34 + 10. Suppose -2*w - b = 5*t, -6*t - 4*w = -3*t + 32. What is the units digit of (-8)/10*20/t?
2
Suppose -2*d + f = -283, 0*d = 2*d + f - 281. What is the units digit of d?
1
Let r be (-2452)/(-12) - (-1)/(-3). What is the tens digit of 2/7 - r/(-21)?
1
What is the tens digit of ((-118)/6)/(3/(-9))?
5
Let v = 9 + -10. Let j = v + 3. Suppose -2*k - j*k = -20. What is the units digit of k?
5
Let l(i) = i**3 - 11*i**2 + 7. Let k be l(11). Let g be 10/(-3)*(-24)/10. Suppose k = 5*b - g. What is the units digit of b?
3
Suppose 0 = 4*d + 8, 5*k + d - 2*d - 882 = 0. What is the tens digit of k?
7
What is the hundreds digit of ((-4)/(-6))/(25860/6462 + -4)?
3
Let l = 15 + 1. What is the units digit of l?
6
What is the units digit of (287/(-2))/((4/8)/(-1))?
7
Let d(p) = 2*p**2 - 6*p + 5. Let h be d(3). Let m be 4*(1 - (0 + 0)). Suppose -m*z = 3*k - 15, -h = -z - 0*z - 2*k. What is the units digit of z?
3
Let q(k) = k - 4. Let l be q(8). Suppose -24 = 5*v - l, 5*j = -4*v - 46. Let s(w) = -2*w - 5. What is the units digit of s(j)?
7
Suppose -4*j = 5*h - 171, -j - 1 = -0. What is the tens digit of h?
3
Suppose -5*v + 6 = -4, -o = -v. Let a(x) = 2 - x**2 + 4*x**2 + 1 - 2*x**o - 4*x. What is the units digit of a(6)?
5
Let k be 4*(-1)/2 - -5. Suppose 4*q + 79 = 5*o, 0 = -2*o - 2*q + 31 - k. What is the units digit of o?
5
Suppose 3*u - q + 10 = -0*q, -4*u - 6 = -5*q. Let y(i) = i**3 + 6*i**2 + 5*i + 2. What is the units digit of y(u)?
4
What is the tens digit of (2 - 4)*1 + 37?
3
Suppose a + 0*y - 80 = -3*y, 0 = -4*a - y + 276. What is the tens digit of a?
6
Suppose 2*g + 4*i = -2*g + 504, 8 = -4*i. What is the tens digit of g?
2
Let f(a) = 5*a + 3. What is the units digit of f(5)?
8
Suppose -15*d = -9*d - 792. What is the units digit of d?
2
Let w = 3 + -7. What is the units digit of 0 + 2/w*-6?
3
Let a be 12/(-2)*2/(-6). Suppose a = -2*k - 4. Let j = 7 + k. What is the units digit of j?
4
Let j = -1 + 0. Let m be ((-4)/(-6))/(j/(-3)). Suppose 5 - m = i. What is the units digit of i?
3
Let j(v) = -v**2 - v + 1. Let w(x) = -x**3 - 3*x**2 - x + 5. Let p(l) = -3*j(l) + w(l). What is the tens digit of p(-3)?
2
Suppose -5*h + 4 = -g - 3, 6 = -3*h + 4*g. Suppose 2*v - v = h. What is the units digit of v?
2
Let l be 1 + 9 + (4 - 2). What is the units digit of 126/l - 2/4?
0
Let n(c) = c**2 + 8*c + 4. Let f be n(-7). Let i be (0 - f)/(15/(-100)). Let x = -12 - i. What is the units digit of x?
8
Let x = 38 + -21. What is the tens digit of x?
1
What is the tens digit of (-42)/(-4) + (-2)/(-4)?
1
Suppose o + 2*o - 4*p = 68, -2*o = -5*p - 57. What is the tens digit of o?
1
Let a(s) = -s**3 + 21*s**2 + 23*s - 12. What is the units digit of a(22)?
0
Let r(l) = l**2 - 3*l - 7. Let t be r(6). What is the units digit of 2 + 0 + t + 1?
4
Let a be -6*-2*(-2)/(-8). Suppose y - 2*y = -a*c + 20, -3*y - 4 = -2*c. What is the units digit of 8 - (c - 3 - 2)?
5
Suppose a - 4 = 0, -c = 4*a - 9*a + 16. Suppose -4*t + 36 = 2*z + 2*z, -2*t = -c*z + 24. What is the units digit of z?
7
Let f(b) = 6*b**3 - 2*b**2 + b. Suppose 3*x - x = -t, 5*x - 11 = 3*t. Let a be f(x). Suppose -a*n = -m - 15, -n + 6*n - 35 = -3*m. What is the units digit of m?
5
Let p be -1 - (-2)/((-2)/3). Let l = 0 + 2. What is the tens digit of 22/(-4)*p/l?
1
Suppose 5*f = 4*r - 31, 0 = -2*r + 4*r + 5*f + 7. Suppose -6*n = -r*n - 68. What is the units digit of (-3)/(-9) - n/(-6)?
6
Let y(s) = s**2 - s + 2. Let x be y(0). Suppose -2 = x*b - 26. What is the tens digit of b?
1
Let g = 73 - 32. Suppose 4*c - 3 = g. What is the tens digit of c?
1
Let q(t) = -2*t - 15. Let i be q(-10). Suppose i*n = -3*r + 19 + 11, -10 = -r + 5*n. Suppose r = 5*a, -c + 2*a + 26 = 2*c. What is the tens digit of c?
1
Suppose -5*g - 18 - 30 = -4*d, -g + 24 = 2*d. What is the units digit of d?
2
Suppose 1 = 4*t - 27. Let z = 9 + t. What is the units digit of z?
6
Let s(u) = 7*u**2 - 10*u + 19. Let n(b) = -b**2 - 1. Let o(f) = -6*n(f) - s(f). What is the units digit of o(7)?
8
Let w be 13 + (-3 - -1) - -1. What is the tens digit of 6 - 5 - (-1 - w)?
1
Let t(w) = 2*w. Let r(o) = -1. Let v(f) = -5*r(f) - t(f). Let y be v(-4). Let k = y - 5. What is the units digit of k?
8
Suppose k - 4*k = -6. Suppose b - k*q + 2 = 9, 48 = 5*b + 3*q. What is the units digit of b?
9
Let v(k) = -4*k + 0 + 3 - 4 + 0. What is the units digit of v(-3)?
1
Let t(a) = 2*a**2 - a. Let s be t(-1). Let n(q) = q**2 + s + 0 - 2. What is the units digit of n(0)?
1
Suppose 0 = -4*p - 6 + 10. What is the units digit of p?
1
Let d = -4 + 7. Let q(g) = -g + 7. Let s be q(5). Suppose -d*t = -2*y + 17, y + s*t - 3 = -2*t. What is the units digit of y?
7
Let d(q) = 5*q + 3. Let o be 3*(-3)/3*-1. What is the tens digit of d(o)?
1
Suppose -2*n + 4*s = -60, -74 - 13 = -4*n - 3*s. Suppose 0*h - 3*h = -n. What is the units digit of h?
8
Let h = -9 - -6. Let o(x) = -x - 3. Let l(a) = -a - 2. Let g(j) = 2*l(j) - 3*o(j). What is the units digit of g(h)?
2
Let s(k) = k**3 - 14*k**2 + 12*k - 46. What is the units digit of s(14)?
2
Let j(y) = y**3 + 5*y**2 - y + 3. Let h be (-4)/(-8)*-4 - 3. What is the units digit of j(h)?
8
Suppose -q = 7*l - 2*l - 19, 6 = 2*l. Suppose -26 = -q*o + 34. What is the tens digit of o?
1
Let i = -11 - -15. Suppose 0 = -p - 3*p - i. What is the units digit of (-1)/((1 - 0)/p)?
1
Let b = 9 - 5. Suppose 2*t = 4*i - 14, 3*i + t - 22 + b = 0. Suppose 3*j = -4*r + 47, -r - 44 = -i*j - 4. What is the units digit of j?
9
Let m be 2 + (1 - 3) - 0. Let z(c) = c**3 + c**2 + 3. Let u be z(m). Suppose 4 = u*y + 1. What is the units digit of y?
1
Suppose 0 = -4*i - i - 3*g + 72, -3*i = 4*g - 52. Suppose d + d - i = 0. Suppose -4*w + 34 = d. What is the units digit of w?
7
What is the units digit of 78*((-1)/2)/(-1)?
9
Let q = -7 - -4. What is the units digit of ((-14)/(-3))/((-2)/q)?
7
Let o = -2 - 0. Suppose 2 = -2*k - 2. What is the units digit of 1*o*1/k?
1
Suppose 0 = 3*n + 197 - 632. Suppose -5*l = -n - 5. What is the tens digit of l?
3
Suppose -12*j = -4*j. Let w = 12 + -8. Suppose w*a - 28 + 8 = j. What is the units digit of a?
5
Let c = -12 + 17. Let d(n) = -n**2 + 6*n - 5. Let y be d(c). Suppose -10 = -w - y*w. What is the tens digit of w?
1
Let c(x) = 8*x**3. Let b be c(1). Suppose -2*o = -2*q + b, 0*o - 4 = 4*o - q. Suppose 3*r = 3*s - 2*s + 13, o = -3*r + 5*s - 7. What is the units digit of r?
6
Suppose 5*m - 232 = -22. Suppose 4*j + 65 = -3*g, -3*g + 33 + m = -3*j. What is the units digit of 11/4 + (-5)/j?
3
Suppose 5*w - 60 = -5*d, -5*w + 2*d + 49 = -32. Let u = w + -8. Let v = u + -5. What is the units digit of v?
2
Let v = 394 + -158. What is the hundreds digit of v?
2
Let o(x) = 4*x - 8. Let k(d) = -3*d + 5. Let b(v) = -7*k(v) - 5*o(v). What is the tens digit of b(7)?
1
What is the units digit of (-3 - -2) + -3 - -11?
7
Suppose -3*l = -c + 120, 0 = -c - c - 3*l + 213. What is the tens digit of c?
1
Let n(d) = d**3 - 3*d + 2. Let r be n(-3). Let f = 28 + r. What is the units digit of (f/10)/(-3)*-10?
4
What is the units digit of 1 - (-4 - 190) - (-2 + 3)?
4
Let b be (18/24)/(1/1500). Suppose -2*d + 7*d = -b. What is the tens digit of d/(-12) - 1/(-4)?
1
What is the tens digit of 72/(-40)*40/(-6)?
1
Suppose u + 12 = 3*u. Let s = -2 + u. What is the units digit of s?
4
Suppose 0 = 2*y + 5*b, -5*y + 0*b - 62 = -3*b. Let s = 8 + y. What is the units digit of (-72)/(-4) - s/(-1)?
6
Suppose -2*g - 6 = -4*g. Suppose g*b - 49 = -2*r + 24, 93 = 2*r - b. What is the tens d